{"id":606,"date":"2025-06-12T09:46:30","date_gmt":"2025-06-12T09:46:30","guid":{"rendered":"https:\/\/starke-kevelaer.de\/?page_id=606"},"modified":"2025-06-18T07:22:41","modified_gmt":"2025-06-18T07:22:41","slug":"impressum","status":"publish","type":"page","link":"https:\/\/starke-kevelaer.de\/index.php\/impressum\/","title":{"rendered":"Impressum"},"content":{"rendered":"<p>[et_pb_section fb_built=&#8220;1&#8243; _builder_version=&#8220;4.27.4&#8243; _module_preset=&#8220;default&#8220; global_colors_info=&#8220;{}&#8220;][et_pb_row _builder_version=&#8220;4.27.4&#8243; _module_preset=&#8220;default&#8220; global_colors_info=&#8220;{}&#8220;][et_pb_column type=&#8220;4_4&#8243; _builder_version=&#8220;4.27.4&#8243; _module_preset=&#8220;default&#8220; global_colors_info=&#8220;{}&#8220;][et_pb_text _builder_version=&#8220;4.27.4&#8243; _module_preset=&#8220;default&#8220; header_font=&#8220;Encode Sans Condensed|700|||||||&#8220; header_2_font=&#8220;Encode Sans|700|||||||&#8220; header_2_font_size=&#8220;52px&#8220; global_colors_info=&#8220;{}&#8220;]<\/p>\n<h2>IMPRESSUM<\/h2>\n<p>[\/et_pb_text][\/et_pb_column][\/et_pb_row][et_pb_row column_structure=&#8220;2_3,1_3&#8243; _builder_version=&#8220;4.27.4&#8243; _module_preset=&#8220;default&#8220; custom_padding=&#8220;0px|0px|0px|0px|false|false&#8220; global_colors_info=&#8220;{}&#8220;][et_pb_column type=&#8220;2_3&#8243; _builder_version=&#8220;4.27.4&#8243; _module_preset=&#8220;default&#8220; global_colors_info=&#8220;{}&#8220;][et_pb_text _builder_version=&#8220;4.27.4&#8243; _module_preset=&#8220;default&#8220; text_font_size=&#8220;16px&#8220; global_colors_info=&#8220;{}&#8220;]<\/p>\n<p style=\"font-weight: 400;\"><strong>Praxis Christoph und Ursula Starke<\/strong><br \/>Dorfstra\u00dfe 2<br \/>47624 Kevelaer<br \/>Tel.: 02832-70933<br \/>Fax: 02832-799509<br \/>Mail:<span>\u00a0<\/span><span><a href=\"mailto:info@praxis-starke-kevelaer.de\">info(at)praxis-starke-kevelaer.de<\/a><\/span><br \/>(Bitte nutzen Sie die Mailadresse nicht f\u00fcr Terminanfragen<br \/>oder Fragen zu Ihrem Patientenstatus. Gerne k\u00f6nnen Sie uns<br \/>Unterlagen o.\u00e4. auf diesem Weg zukommen lassen!)<\/p>\n<p style=\"font-weight: 400;\"><strong>INHALTLICH VERANTWORTLICH<\/strong><\/p>\n<p style=\"font-weight: 400;\">Praxis Christoph und Ursula Starke<\/p>\n<p style=\"font-weight: 400;\"><strong>ZUST\u00c4NDIGE KAMMER:<\/strong><\/p>\n<p style=\"font-weight: 400;\">\u00c4rztekammer Nordrhein<br \/>Tersteegenstra\u00dfe 9<br \/>40474 D\u00fcsseldorf<br \/>Tel.: (0211) 59 70-0<br \/><a href=\"http:\/\/www.aekno.de\/\">www.aekno.de<\/a><\/p>\n<p><strong>ZUST\u00c4NDIGE AUFSICHTSBEH\u00d6RDE:<\/strong><\/p>\n<p style=\"font-weight: 400;\">Kassen\u00e4rztliche Vereinigung Nordrhein<br \/>Tersteegenstra\u00dfe 9<br \/>40474 D\u00fcsseldorf<br \/>Tel.: (0211) 59 70-0<br \/><a href=\"http:\/\/www.kvno.de\/\">www.kvno.de<\/a><\/p>\n<p style=\"font-weight: 400;\"><strong>BERUFSBEZEICHNUNG<\/strong><\/p>\n<p style=\"font-weight: 400;\">Arzt und \u00c4rztin (Berufsbezeichnung verliehen in der Bundesrepublik Deutschland)<\/p>\n<p><strong>BERUFSRECHTLICHE REGELUNGEN:<\/strong><\/p>\n<p style=\"font-weight: 400;\">Berufsordnung der \u00c4rztekammer Nordrhein in der Fassung vom 17. M\u00e4rz 2007<br \/>Heilberufsgesetz der \u00c4rztekammer Nordrhein vom 9. Mai 2000 (GV. NRW. 2000 S. 403ff.), zuletzt ge\u00e4ndert durch Gesetz vom 17. Dezember 2009 (GV.NRW 2009 S. 865f)<\/p>\n<p><strong>VERWEISE UND LINKS:<\/strong><\/p>\n<p>Bei direkten oder indirekten Verweisen auf fremde Webseiten (&#8222;Hyperlinks&#8220;), die au\u00dferhalb des Verantwortungsbereiches unserer Praxis liegen, w\u00fcrde eine Haftungsverpflichtung ausschlie\u00dflich in dem Fall in Kraft treten, in dem unsere Praxis von den Inhalten Kenntnis hat und es technisch m\u00f6glich und zumutbar w\u00e4re, die Nutzung im Falle rechtswidriger Inhalte zu verhindern. Unsere Praxis erkl\u00e4rt hiermit ausdr\u00fccklich, dass zum Zeitpunkt der Linksetzung keine illegalen Inhalte auf den zu verlinkenden Seiten erkennbar waren. Auf die aktuelle und zuk\u00fcnftige Gestaltung, die Inhalte oder die Urheberschaft der verlinkten\/verkn\u00fcpften Seiten hat die Praxis keinerlei Einfluss. Deshalb distanziert sich unsere Praxis hiermit ausdr\u00fccklich von allen Inhalten aller verlinkten\/verkn\u00fcpften Seiten, die nach der Linksetzung ver\u00e4ndert wurden. Diese Feststellung gilt f\u00fcr alle innerhalb des eigenen Internetangebotes gesetzten Links und Verweise.<\/p>\n<p><strong>URHEBER- UND KENNZEICHENRECHT:<\/strong><\/p>\n<p>Alle innerhalb des Internetangebotes genannten und gegebenenfalls durch Dritte gesch\u00fctzten Marken- und Warenzeichen unterliegen uneingeschr\u00e4nkt den Bestimmungen des jeweils g\u00fcltigen Kennzeichenrechts und den Besitzrechten der jeweiligen eingetragenen Eigent\u00fcmer. Das Copyright f\u00fcr ver\u00f6ffentlichte, vom Autor selbst erstellte Objekte bleibt allein beim Autor der Seiten. Eine Vervielf\u00e4ltigung oder Verwendung solcher Grafiken, Tondokumente, Videosequenzen und Texte in anderen elektronischen oder gedruckten Publikationen ist ohne ausdr\u00fcckliche Zustimmung des Autors nicht gestattet.<\/p>\n<p><strong>EINGABE PERS\u00d6NLICHER ODER GESCH\u00c4FTLICHER DATEN:<\/strong><\/p>\n<p>Sofern innerhalb des Internetangebotes die M\u00f6glichkeit zur Eingabe pers\u00f6nlicher oder gesch\u00e4ftlicher Daten (E-Mail-Adressen, Namen, Anschriften) besteht, so erfolgt die Preisgabe dieser Daten seitens des Nutzers auf ausdr\u00fccklich freiwilliger Basis. Die Inanspruchnahme aller angebotenen Dienste ist auch ohne Angabe solcher Daten bzw. unter Angabe anonymisierter Daten oder eines Pseudonyms gestattet. Die Nutzung der im Rahmen des Impressums oder vergleichbarer Angaben ver\u00f6ffentlichten Kontaktdaten wie Postanschriften, Telefon- und Faxnummern sowie E-Mail-Adressen durch Dritte zur \u00dcbersendung von nicht ausdr\u00fccklich angeforderten Informationen ist nicht gestattet.<\/p>\n<p style=\"font-weight: 400;\"><strong>\u00dcBER DIE VERWENDUNG VON GOOGLE ANALYTICS<\/strong><\/p>\n<p>Diese Website benutzt Google Analytics, einen Webanalysedienst der Google Inc. (\u201eGoogle\u201c). Google Analytics verwendet sog. \u201eCookies\u201c, Textdateien, die auf Ihrem Computer gespeichert werden und die eine Analyse der Benutzung der Website durch Sie erm\u00f6glicht. Die durch den Cookie erzeugten Informationen \u00fcber Ihre Benutzung diese Website (einschlie\u00dflich Ihrer IP-Adresse) wird an einen Server von Google in den USA \u00fcbertragen und dort gespeichert. Google wird diese Informationen benutzen, um Ihre Nutzung der Website auszuwerten, um Reports \u00fcber die Websiteaktivit\u00e4ten f\u00fcr die Websitebetreiber zusammenzustellen und um weitere mit der Websitenutzung und der Internetnutzung verbundene Dienstleistungen zu erbringen. Auch wird Google diese Informationen gegebenenfalls an Dritte \u00fcbertragen, sofern dies gesetzlich vorgeschrieben oder soweit Dritte diese Daten im Auftrag von Google verarbeiten. Google wird in keinem Fall Ihre IP-Adresse mit anderen Daten der Google in Verbindung bringen. Sie k\u00f6nnen die Installation der Cookies durch eine entsprechende Einstellung Ihrer Browser Software verhindern; wir weisen Sie jedoch darauf hin, dass Sie in diesem Fall gegebenenfalls nicht s\u00e4mtliche Funktionen dieser Website voll umf\u00e4nglich nutzen k\u00f6nnen. Sie k\u00f6nnen dar\u00fcber hinaus die Erfassung der durch das Cookie erzeugten und auf Ihre Nutzung der Website bezogenen Daten (inkl. Ihrer IP-Adresse) an Google sowie die Verarbeitung dieser Daten durch Google verhindern, indem sie das unter dem folgenden Link<span>\u00a0<\/span>(<a href=\"http:\/\/tools.google.com\/dlpage\/gaoptout?hl=de\">http:\/\/tools.google.com\/dlpage\/gaoptout?hl=de<\/a><span>\u00a0<\/span>)<span>\u00a0<\/span>verf\u00fcgbare Browser-Plugin herunterladen und installieren. N\u00e4here Informationen hierzu finden Sie unter<span>\u00a0<\/span><a href=\"http:\/\/tools.google.com\/dlpage\/gaoptout?hl=de\">http:\/\/tools.google.com\/dlpage\/gaoptout?hl=de<\/a><span>\u00a0<\/span>bzw. unter<a href=\"http:\/\/www.google.com\/intl\/de\/analytics\/privacyoverview.html\"><span>\u00a0<\/span><span>http:\/\/www.google.com\/intl\/de\/analytics\/privacyoverview.html<\/span><\/a>(allgemeine Informationen zu Google Analytics und Datenschutz). Durch die Nutzung dieser Website erkl\u00e4ren Sie sich mit der Bearbeitung der \u00fcber Sie erhobenen Daten durch Google in der zuvor beschriebenen Art und Weise und zu dem zuvor benannten Zweck einverstanden.<\/p>\n<p>[\/et_pb_text][\/et_pb_column][et_pb_column type=&#8220;1_3&#8243; _builder_version=&#8220;4.27.4&#8243; _module_preset=&#8220;default&#8220; global_colors_info=&#8220;{}&#8220;][et_pb_text _builder_version=&#8220;4.27.4&#8243; _module_preset=&#8220;default&#8220; text_font_size=&#8220;16px&#8220; header_font=&#8220;Encode Sans||||||||&#8220; global_colors_info=&#8220;{}&#8220;]<\/p>\n<h1><span><strong>Gestaltung &amp; Umsetzung<\/strong><\/span><\/h1>\n<p><span><strong>KRAUSE &amp; SCHWARZ<br \/>werbeagentur<br \/><\/strong><\/span><br \/><span><a href=\"mailto:info@krause-schwarz.de\">info@krause-schwarz.de<br \/><\/a><a href=\"http:\/\/www.krause-schwarz.de\/\" target=\"_new\" rel=\"noopener noreferrer\">www.krause-schwarz.de<\/a><\/span><\/p>\n<p>[\/et_pb_text][et_pb_text _builder_version=&#8220;4.27.4&#8243; _module_preset=&#8220;default&#8220; text_font_size=&#8220;16px&#8220; header_font=&#8220;Encode Sans||||||||&#8220; hover_enabled=&#8220;0&#8243; global_colors_info=&#8220;{}&#8220; sticky_enabled=&#8220;0&#8243;]<\/p>\n<h1><span><strong>Fotomaterial<br \/><\/strong><\/span><\/h1>\n<p>\u00a9Foto: Prostock-studio, 2479972675, Shutterstock<br \/>\u00a9Foto: Julia Lav, 1613383804, Shutterstock<\/p>\n<p>[\/et_pb_text][\/et_pb_column][\/et_pb_row][\/et_pb_section][et_pb_section fb_built=&#8220;1&#8243; module_id=&#8220;sitemap&#8220; _builder_version=&#8220;4.27.4&#8243; _module_preset=&#8220;default&#8220; border_width_top=&#8220;5px&#8220; border_color_top=&#8220;gcid-primary-color&#8220; global_colors_info=&#8220;{%22gcid-primary-color%22:%91%22border_color_top%22%93}&#8220;][et_pb_row column_structure=&#8220;1_3,1_3,1_3&#8243; _builder_version=&#8220;4.27.4&#8243; _module_preset=&#8220;default&#8220; global_colors_info=&#8220;{}&#8220;][et_pb_column type=&#8220;1_3&#8243; _builder_version=&#8220;4.27.4&#8243; _module_preset=&#8220;default&#8220; global_colors_info=&#8220;{}&#8220;][et_pb_text _builder_version=&#8220;4.27.4&#8243; _module_preset=&#8220;bb7d5e87-2292-43de-b648-6a7f5c5b32eb&#8220; text_font=&#8220;Inter||||||||&#8220; text_font_size=&#8220;16px&#8220; header_3_font=&#8220;Encode Sans|700|||||||&#8220; header_3_font_size=&#8220;25px&#8220; header_5_font=&#8220;Inter||||||||&#8220; header_5_text_color=&#8220;#6B6B6B&#8220; header_5_font_size=&#8220;14px&#8220; header_5_line_height=&#8220;1.3em&#8220; text_orientation=&#8220;center&#8220; custom_margin=&#8220;-20px||10px||false|false&#8220; animation_style=&#8220;fade&#8220; global_colors_info=&#8220;{}&#8220;]<\/p>\n<h3 style=\"text-align: left;\">Sitemap<\/h3>\n<p>[\/et_pb_text][et_pb_text _builder_version=&#8220;4.27.4&#8243; _module_preset=&#8220;default&#8220; global_colors_info=&#8220;{}&#8220;]<\/p>\n<p><strong><a href=\"https:\/\/starke-kevelaer.de\/#praxis\">\u2022 Unsere Praxis<\/a><\/strong><br \/><strong><a href=\"https:\/\/starke-kevelaer.de\/#leistung\">\u2022 Unsere Leistungen<\/a><\/strong><br \/><strong><a href=\"https:\/\/starke-kevelaer.de\/#aktuelles\">\u2022 Aktuelles<\/a><\/strong><br \/><strong><a href=\"https:\/\/starke-kevelaer.de\/#hzv\">\u2022 Mein Hausarztprogramm<\/a><\/strong><br \/><strong><a href=\"https:\/\/starke-kevelaer.de\/#team\">\u2022 Unser Team<\/a><\/strong><br \/><strong><a href=\"https:\/\/starke-kevelaer.de\/index.php\/karriere\/\">\u2022 Job<\/a><\/strong><br \/><strong><a href=\"http:\/\/ks-kevelaer.de\/vorschau\/starke_2\/#kontakt\">\u2022 Kontakt<\/a><\/strong><br \/><a href=\"https:\/\/starke-kevelaer.de\/index.php\/impressum\/\"><strong>\u2022 Impressum<\/strong><\/a><br \/><a href=\"https:\/\/starke-kevelaer.de\/index.php\/datenschutz\/\"><strong>\u2022 Datenschutz<\/strong><\/a><\/p>\n<p>[\/et_pb_text][\/et_pb_column][et_pb_column type=&#8220;1_3&#8243; _builder_version=&#8220;4.27.4&#8243; _module_preset=&#8220;default&#8220; global_colors_info=&#8220;{}&#8220;][et_pb_text _builder_version=&#8220;4.27.4&#8243; _module_preset=&#8220;bb7d5e87-2292-43de-b648-6a7f5c5b32eb&#8220; text_font=&#8220;Inter||||||||&#8220; text_font_size=&#8220;16px&#8220; header_3_font=&#8220;Encode Sans|700|||||||&#8220; header_3_font_size=&#8220;25px&#8220; header_5_font=&#8220;Inter||||||||&#8220; header_5_text_color=&#8220;#6B6B6B&#8220; header_5_font_size=&#8220;14px&#8220; header_5_line_height=&#8220;1.3em&#8220; text_orientation=&#8220;center&#8220; custom_margin=&#8220;-20px||10px||false|false&#8220; animation_style=&#8220;fade&#8220; global_colors_info=&#8220;{}&#8220;]<\/p>\n<h3 style=\"text-align: left;\">\u00d6ffnungszeiten<\/h3>\n<p>[\/et_pb_text][et_pb_text _builder_version=&#8220;4.27.4&#8243; _module_preset=&#8220;default&#8220; global_colors_info=&#8220;{}&#8220;]<\/p>\n<div class=\"et_pb_module et_pb_text et_pb_text_1_tb_footer  et_pb_text_align_left et_pb_bg_layout_light\">\n<div class=\"et_pb_text_inner\">\n<p><span><strong><span style=\"color: #cb081c;\">Montag<\/span>\u00a0<\/strong>\u00a0 \u00a0 \u00a0 \u00a0 \u00a0 8.00 \u2013 12.00 &amp; 16.00 \u2013 18.00 Uhr<br \/><\/span><span><span style=\"color: #cb081c;\"><strong>Dienstag\u00a0<\/strong><\/span>\u00a0 \u00a0 \u00a0 \u00a0 8.00 \u2013 12.00 &amp; 16.00 \u2013 18.00 Uhr<br \/><\/span><span><strong><span style=\"color: #cb081c;\">Mittwoch<\/span>\u00a0<\/strong>\u00a0 \u00a0 \u00a0 \u00a08.00 \u2013 12.00 <\/span><span>Uhr<br \/><\/span><span><strong><span style=\"color: #cb081c;\">Donnerstag<\/span>\u00a0<\/strong>\u00a0 \u00a08.00 \u2013 12.00 &amp; 16.00 \u2013 18.00 Uhr<br \/><strong><span style=\"color: #cb081c;\">Freitag<\/span>\u00a0 \u00a0 \u00a0\u00a0<\/strong>\u00a0 \u00a0 \u00a0 \u00a08.00 \u2013 12.00 Uhr<\/span><\/p>\n<\/div>\n<\/div>\n<div class=\"et_pb_module et_pb_text et_pb_text_2_tb_footer  et_pb_text_align_left et_pb_bg_layout_light\">\n<div class=\"et_pb_text_inner\">\n<p><span style=\"color: #cb081c;\"><strong>Individuelle Termine auch nach Vereinbarung<\/strong><\/span><\/p>\n<\/div>\n<\/div>\n<p>[\/et_pb_text][et_pb_text _builder_version=&#8220;4.27.4&#8243; _module_preset=&#8220;bb7d5e87-2292-43de-b648-6a7f5c5b32eb&#8220; text_font=&#8220;Inter||||||||&#8220; text_font_size=&#8220;16px&#8220; header_3_font=&#8220;Encode Sans|700|||||||&#8220; header_3_font_size=&#8220;25px&#8220; header_5_font=&#8220;Inter||||||||&#8220; header_5_text_color=&#8220;#6B6B6B&#8220; header_5_font_size=&#8220;14px&#8220; header_5_line_height=&#8220;1.3em&#8220; text_orientation=&#8220;center&#8220; custom_margin=&#8220;||10px||false|false&#8220; animation_style=&#8220;fade&#8220; global_colors_info=&#8220;{}&#8220;]<\/p>\n<h3 style=\"text-align: left;\">Laborzeiten<\/h3>\n<p>[\/et_pb_text][et_pb_text _builder_version=&#8220;4.27.4&#8243; _module_preset=&#8220;default&#8220; global_colors_info=&#8220;{}&#8220;]<\/p>\n<div class=\"et_pb_module et_pb_text et_pb_text_1_tb_footer  et_pb_text_align_left et_pb_bg_layout_light\">\n<div class=\"et_pb_text_inner\">\n<p><b>nur nach R\u00fccksprache!<\/b><\/p>\n<p>Vor dem Aufsuchen der Sprechstunde bitten wir Sie um eine telefonische Anmeldung, auch bei kurzfristigem Terminwunsch. Hierdurch k\u00f6nnen wir besser planen und Ihre Wartezeit m\u00f6glichst verk\u00fcrzen!<\/p>\n<\/div>\n<\/div>\n<p>[\/et_pb_text][\/et_pb_column][et_pb_column type=&#8220;1_3&#8243; _builder_version=&#8220;4.27.4&#8243; _module_preset=&#8220;default&#8220; global_colors_info=&#8220;{}&#8220;][et_pb_text _builder_version=&#8220;4.27.4&#8243; _module_preset=&#8220;bb7d5e87-2292-43de-b648-6a7f5c5b32eb&#8220; text_font=&#8220;Inter||||||||&#8220; text_font_size=&#8220;16px&#8220; header_3_font=&#8220;Encode Sans|700|||||||&#8220; header_3_font_size=&#8220;25px&#8220; header_5_font=&#8220;Inter||||||||&#8220; header_5_text_color=&#8220;#6B6B6B&#8220; header_5_font_size=&#8220;14px&#8220; header_5_line_height=&#8220;1.3em&#8220; text_orientation=&#8220;center&#8220; custom_margin=&#8220;-20px||10px||false|false&#8220; animation_style=&#8220;fade&#8220; global_colors_info=&#8220;{}&#8220;]<\/p>\n<h3 style=\"text-align: left;\">\u00c4rztlicher Bereitschaftsdienst<\/h3>\n<p>[\/et_pb_text][et_pb_text _builder_version=&#8220;4.27.4&#8243; _module_preset=&#8220;default&#8220; global_colors_info=&#8220;{}&#8220;]<\/p>\n<div class=\"et_pb_module et_pb_text et_pb_text_1_tb_footer  et_pb_text_align_left et_pb_bg_layout_light\">\n<div class=\"et_pb_text_inner\">\n<p><b>Den allgemeinen \u00e4rztlichen Bereitschaftsdienst erreichen Sie grunds\u00e4tzlich unter der Rufnummer <span style=\"color: #cb081c;\">116 117<\/span>.<\/b><\/p>\n<p>Au\u00dferhalb unserer Sprechzeiten steht Ihnen zu den u.a. Zeiten f\u00fcr akute Beschwerden die <strong>Notdienstpraxis der KV im St. Clemens-Hospital Geldern<\/strong> zur Verf\u00fcgung.<br \/>Eine vorherige Anmeldung ist nicht erforderlich. Bitte bringen Sie Ihre Versichertenkarte mit:<\/p>\n<p data-start=\"454\" data-end=\"498\" class=\"\"><strong data-start=\"457\" data-end=\"496\">\u00d6ffnungszeiten der Notdienstpraxis:<\/strong><\/p>\n<p data-start=\"501\" data-end=\"554\" class=\"\"><strong data-start=\"501\" data-end=\"534\">Montag, Dienstag, Donnerstag:<br \/><\/strong>19:00 \u2013 21:00 Uhr<\/p>\n<p data-start=\"557\" data-end=\"599\" class=\"\"><strong data-start=\"557\" data-end=\"579\">Mittwoch, Freitag:<\/strong><span>\u00a0<\/span>15:00 \u2013 21:00 Uhr<\/p>\n<p data-start=\"602\" data-end=\"653\" class=\"\"><strong data-start=\"602\" data-end=\"635\">Samstag, Sonntag &amp; Feiertage:<br \/><\/strong>09:00 \u2013 21:00 Uhr<\/p>\n<\/div>\n<\/div>\n<p>[\/et_pb_text][\/et_pb_column][\/et_pb_row][\/et_pb_section]<\/p>\n","protected":false},"excerpt":{"rendered":"<p>IMPRESSUMPraxis Christoph und Ursula StarkeDorfstra\u00dfe 247624 KevelaerTel.: 02832-70933Fax: 02832-799509Mail:\u00a0info(at)praxis-starke-kevelaer.de(Bitte nutzen Sie die Mailadresse nicht f\u00fcr Terminanfragenoder Fragen zu Ihrem Patientenstatus. Gerne k\u00f6nnen Sie unsUnterlagen o.\u00e4. auf diesem Weg zukommen lassen!) INHALTLICH VERANTWORTLICH Praxis Christoph und Ursula Starke ZUST\u00c4NDIGE KAMMER: \u00c4rztekammer NordrheinTersteegenstra\u00dfe 940474 D\u00fcsseldorfTel.: (0211) 59 70-0www.aekno.de ZUST\u00c4NDIGE AUFSICHTSBEH\u00d6RDE: Kassen\u00e4rztliche Vereinigung NordrheinTersteegenstra\u00dfe 940474 D\u00fcsseldorfTel.: (0211) 59 [&hellip;]<\/p>\n","protected":false},"author":2,"featured_media":0,"parent":0,"menu_order":0,"comment_status":"closed","ping_status":"closed","template":"","meta":{"_et_pb_use_builder":"on","_et_pb_old_content":"","_et_gb_content_width":"","footnotes":""},"class_list":["post-606","page","type-page","status-publish","hentry"],"_links":{"self":[{"href":"https:\/\/starke-kevelaer.de\/index.php\/wp-json\/wp\/v2\/pages\/606","targetHints":{"allow":["GET"]}}],"collection":[{"href":"https:\/\/starke-kevelaer.de\/index.php\/wp-json\/wp\/v2\/pages"}],"about":[{"href":"https:\/\/starke-kevelaer.de\/index.php\/wp-json\/wp\/v2\/types\/page"}],"author":[{"embeddable":true,"href":"https:\/\/starke-kevelaer.de\/index.php\/wp-json\/wp\/v2\/users\/2"}],"replies":[{"embeddable":true,"href":"https:\/\/starke-kevelaer.de\/index.php\/wp-json\/wp\/v2\/comments?post=606"}],"version-history":[{"count":5,"href":"https:\/\/starke-kevelaer.de\/index.php\/wp-json\/wp\/v2\/pages\/606\/revisions"}],"predecessor-version":[{"id":638,"href":"https:\/\/starke-kevelaer.de\/index.php\/wp-json\/wp\/v2\/pages\/606\/revisions\/638"}],"wp:attachment":[{"href":"https:\/\/starke-kevelaer.de\/index.php\/wp-json\/wp\/v2\/media?parent=606"}],"curies":[{"name":"wp","href":"https:\/\/api.w.org\/{rel}","templated":true}]}}